e
Suppose 3*c - 3*n - 475251 = 0, c - 158427 = n - 5*n. Is c a prime number?
True
Let a(l) = 3*l - 2. Let w be a(-2). Let p = 12 + w. Suppose -5*j - 458 = -u, 0 = -2*u - p*j + 810 + 64. Is u a prime number?
True
Suppose 3*c = -4*w + 47117, -9*w - 2*c = -7*w - 23560. Is w a composite number?
False
Let l(i) = 57*i**2 + 10*i - 1. Let u be l(6). Suppose -t = 3*h + u, -3*h + 6273 = -3*t - 0*t. Let b = t + 5089. Is b composite?
True
Suppose v - 3*a = 1964, -3*v + 2*a + 4247 = -1624. Let m = 12 + 1. Suppose -m*p = -18*p + v. Is p a composite number?
True
Suppose 166*g = 204*g - 7586206. Is g a composite number?
False
Suppose -4*h = -v + 27, -5*v + 21 = -h - 0*v. Is h - -725 - (3 - -3) a prime number?
False
Let g(z) be the third derivative of -11/3*z**3 + 0 + 10*z**2 + 35/24*z**4 + 0*z. Is g(17) prime?
False
Let w be ((-28)/(-12))/((-175)/(-42) + -4). Suppose 76 = w*t - 2766. Is t composite?
True
Let r = 374 + -377. Let k(g) = 1113*g**2 - 7*g - 1. Is k(r) prime?
True
Is (-64 - -77)*63628/26 prime?
False
Suppose -5*g - 3235 = -4*f, 4*f = -5*g + 2676 + 569. Let r(t) = 3*t + 23. Let i be r(-7). Suppose d + 102 = i*p + 357, 3*d - f = -3*p. Is d a composite number?
True
Let v be 140/(-42)*(-12)/10. Suppose -v*c - m - 24512 = -9*c, -4*m + 4915 = c. Is c a composite number?
False
Suppose -5*s = -3*l + 2331, -3*l + 3885 = 2*l - s. Let g = 798 + -796. Is (3/(-9))/(((-2)/l)/g) a prime number?
False
Let j(p) = 3*p**2. Let r be j(-1). Let u be ((1 + -1)*-1)/r. Suppose 0 = -u*z - 3*z + 1221. Is z a prime number?
False
Suppose -97715 + 310340 = 3*f + 5*c, 4*f - 283454 = c. Is f prime?
False
Let p be 4 - -1 - (29 + -36). Suppose 0 = -2*j + 2*s + 10284, 10279 = -p*j + 14*j - 3*s. Is j prime?
True
Let p(a) = -a**3 + 18*a**2 - 2*a + 35. Let u be p(18). Is (u - (-211)/(-2))*-2 a composite number?
True
Suppose 10*y = 674373 + 577020 - 332103. Is y prime?
False
Suppose -5*m - h = -274112, -7*h = -m - 2*h + 54786. Is m composite?
True
Is 10/(-100) + 58683/20*34 a composite number?
False
Suppose 9*b - 280 = -424. Let c(i) be the first derivative of i**3 + i**2/2 - 13*i + 1. Is c(b) a prime number?
True
Let i be (1 + -2)/(-4*5/(-8140)). Let b = i - -156. Is b*(1 + -2 + 1 + -1) a prime number?
True
Suppose 0 = -4*l + 4*n + 59868, -5*l - 11*n + 14*n = -74839. Is l a prime number?
True
Let p(c) = c**3 - c**2 - c + 7. Let y be p(0). Let q(i) = -78*i + 9. Let a(o) = 234*o - 28. Let n(b) = y*q(b) + 2*a(b). Is n(-4) composite?
True
Let y = -71337 - -127390. Is y a prime number?
True
Suppose 39*t - 27*t = -17*t + 9678286. Is t prime?
False
Let f(y) = -y**3 - 21*y**2 - 36*y + 39. Let h be f(-21). Is 106/h - (-141626)/30 composite?
False
Is (12 - 1) + 863568/9 a composite number?
True
Suppose 7469918 = 43*v + 6203838 - 9245786. Is v a prime number?
False
Let r(u) = 11837*u**3 + 33*u - 53. Is r(2) a composite number?
False
Let h be ((-8)/8)/(1/3) - -1370. Let n = 2588 - h. Suppose -3 = -v, -2*v = -0*b - 3*b + n. Is b a prime number?
True
Is (-1939152)/(-20) - 6 - (-84)/60 a prime number?
True
Suppose 4*l = 2*p - 4, l = 3*p - l - 14. Let w be (-202232)/(-44) - 5/(165/p). Suppose 2*j - 7*j - 924 = -d, 5*d - w = j. Is d a prime number?
True
Suppose -23042 = 8*x - 80386. Suppose -6*b - x = -2*b. Let o = b - -7649. Is o prime?
True
Suppose -1278483 = -147*n + 646335. Is n prime?
False
Let z = 299 - 292. Suppose -z*t + 4419 = 1150. Is t composite?
False
Let l(d) = 4*d**3 - 121*d**2 + 9*d + 25. Is l(37) a prime number?
True
Suppose 892*b - 926*b = -53618. Is b composite?
True
Suppose 13*n = 41*n - 3602564. Is n a prime number?
True
Suppose 2020798 = 4*d - 2*w, 2*d - 5*w - 1010401 = -2*w. Is d a prime number?
False
Suppose 10*n - 2*k - 462354 = 6624734, -1417459 = -2*n + 5*k. Is n a prime number?
False
Let t = 173 - 168. Suppose 5*i = t*k + 29885, -3*k = i + 1205 - 7198. Is i composite?
False
Is (-4)/(-96)*-4 + (-3413943)/(-54) composite?
True
Let l(a) = -59*a + a**3 - 61 + 42*a**2 + 11*a - 9*a. Is l(-43) a prime number?
True
Let x = -71 + 74. Suppose -x*i - 2480 = -7451. Is i a composite number?
False
Let g = 7705 - -599. Suppose 2*v - g = -4*v. Suppose -v = -3*h + 221. Is h composite?
True
Let w be (-12)/(-3)*(3 - -9)/2. Suppose 6*u + 2*u - w = 0. Suppose 2*x = x - c + 253, 4*x - u*c - 1040 = 0. Is x composite?
False
Let s = 704 + -702. Suppose 16*u - 286614 = -s*u. Is u prime?
True
Suppose -5 = 7*s - 26. Suppose -s*h = -0*h + 441. Let b = 410 - h. Is b prime?
True
Let w = -14 - -43. Suppose -21*m - 4696 = -w*m. Is m composite?
False
Suppose 2*c = 434 + 2420. Let y = c - -356. Is y composite?
False
Suppose 8*r - 180624 - 527758 = -3*l, r - 88551 = -2*l. Is r prime?
True
Let j = -43889 + 95638. Is j prime?
True
Let x(w) be the second derivative of w**4/12 + 2*w**3/3 - w**2/2 - 33*w. Let d be x(-5). Let a(n) = 30*n**2 + 4*n - 17. Is a(d) prime?
True
Is 3/(11/(873356/6)) - -5 prime?
True
Let g = 35 + -33. Let c = g - -38. Suppose -c*r = -43*r + 1473. Is r composite?
False
Let i(k) = 86*k**2 - 4*k + 3. Let j = -125 - -175. Let x = j + -46. Is i(x) prime?
False
Let v be (((-1)/1)/5)/(8/(-200)). Suppose 0 = v*a + 5*p - 6680, -p - 5349 = -2*a - 2*a. Is a prime?
False
Let k(i) = 31*i**3 + 8*i**2 + 16*i + 4. Let o(f) = f**3 + f**2 - f + 1. Let z(c) = k(c) - 3*o(c). Is z(4) prime?
True
Let a be (-1 + 1)/((-7 - -3) + 5). Suppose -x + d + 1329 + 8 = a, 0 = 4*d. Is x prime?
False
Is (-25 + 4)*(122392/(-72) - (-4)/18) prime?
False
Suppose -15*j + 55 = -10*j. Let h = 17 - j. Suppose h*w = -w + 1141. Is w a prime number?
True
Let b(d) = 29884*d - 23. Is b(3) a prime number?
False
Let v be -5 + (0/(-3))/(-5) + 5041. Suppose -o + 3*j = -v, 25193 = 5*o - 10*j + 8*j. Is o prime?
True
Suppose -41*s = -82*s + 1702607. Is s composite?
True
Suppose -403*b = -1319*b + 99544171 + 91549917. Is b a composite number?
True
Let w = -64261 - -135854. Is w a composite number?
False
Suppose -l = 5*v - 33106 + 7802, -4*l = -4*v + 20272. Is v a prime number?
False
Suppose -2*i + 2 = 3*i - 2*w, 4*w = -2*i - 4. Suppose 0 = 2*u - 10 - i. Is 411 + 1 + -4 + u composite?
True
Let a(z) = -3*z**2 - 19*z. Let o be a(-6). Suppose 5*i - 3*f = -o*f + 18574, i - 3710 = f. Is i a composite number?
True
Let w(i) = -90089*i - 54. Let z(b) = 45045*b + 29. Let s(h) = -3*w(h) - 7*z(h). Is s(-1) prime?
True
Let i(g) = -g**3 - 6*g**2 + 2*g - 14. Let y be i(-7). Let j = y + -36. Let w(l) = -l**3 - 11*l**2 - 18*l + 21. Is w(j) a prime number?
False
Let j(q) = 742*q**2 - q - 3. Suppose -2*o - 34*p + 8 = -38*p, -3*o - p = -5. Is j(o) a composite number?
False
Is (-2*1)/((-196)/1915606) a prime number?
False
Suppose 0 = -6*o + 3*o - 4*v - 8, 12 = o + 5*v. Let q be -1*(3 + o - 0). Suppose q*u - s = 1597, 5*u + 370 - 1971 = 3*s. Is u prime?
False
Let g(d) = -4 - 3 + 6*d - 4*d + 85*d**2 + 5*d. Suppose -7*f + 250 = 215. Is g(f) a composite number?
False
Suppose -39*j = -52*j + 7436. Suppose -j*q = -569*q - 6855. Is q a prime number?
False
Let l be (-41305)/1*(11 + -10). Let v = -29256 - l. Is v a composite number?
False
Suppose -4580402 = -42*l + 1982729 - 1644889. Is l a composite number?
False
Let x(t) = 6048*t**2 - 7*t + 16. Let h be x(2). Is (-1 - 1)/((-4)/h) prime?
True
Let g = -2442182 - -4068553. Is g a prime number?
True
Let l be -32 + (-1)/3*12. Let x be ((-6)/(-5))/(3/20). Is x/l + 4522/18 composite?
False
Let t(g) = 2874*g + 629. Is t(43) a composite number?
True
Let w(s) = -23 - 2 - 6 - 13 + 10*s - 5. Is w(42) a composite number?
True
Let l be (-41880)/(-18)*15/(-10). Let j = 5199 + l. Is j a prime number?
True
Let r(t) = 884*t**2 - 172*t - 1. Is r(11) prime?
True
Let c be (108/(-48))/(6/(-32)). Let o(v) = v - 21. Let a be o(c). Let b = 98 + a. Is b a composite number?
False
Is 4 + ((-33891)/(-65))/((-4)/(-20)) a composite number?
True
Suppose 6*n = 3*n + 46755. Suppose -170*z = -156*z - 155092. Let a = n - z. Is a prime?
True
Let b be -122*(-6)/4*(21 + -17). Suppose 0*r = 2*r + 550. Let g = r + b. Is g a composite number?
False
Let i = -7319 + 9553. Is i composite?
True
Suppose 3*q - 59268 = -0*q - 5*b, -3*q = 3*b - 59262. Let g = -13134 + q. Is g composite?
True
Let f be 5001 - (0 + 2 + 0). Suppose 0 = -3*b + 38*s - 43*s + 29, 4*b + s = 16. Suppose -5*i + i + f = b*l, 4*l = 5*i + 6717. Is l composite?
True
Let c be -6*(-4)/72*-48. Is 5 -